397 is divided by 361?
231
What is the remainder when 2687 is divided by 1064?
559
Calculate the remainder when 707072 is divided by 88.
80
Calculate the remainder when 1319 is divided by 328.
7
What is the remainder when 11079 is divided by 1354?
247
What is the remainder when 48839 is divided by 16279?
2
What is the remainder when 69316 is divided by 152?
4
What is the remainder when 17430 is divided by 8709?
12
Calculate the remainder when 59096 is divided by 1790.
26
What is the remainder when 68089 is divided by 97?
92
What is the remainder when 41599 is divided by 6928?
31
What is the remainder when 1216 is divided by 123?
109
Calculate the remainder when 117323 is divided by 18.
17
Calculate the remainder when 100780 is divided by 1362.
1354
What is the remainder when 238353 is divided by 525?
3
What is the remainder when 30508 is divided by 10031?
415
What is the remainder when 54889 is divided by 461?
30
Calculate the remainder when 4668 is divided by 1870.
928
Calculate the remainder when 439 is divided by 268.
171
Calculate the remainder when 3459838 is divided by 255.
253
What is the remainder when 6006 is divided by 735?
126
What is the remainder when 164133 is divided by 18?
9
What is the remainder when 6019 is divided by 356?
323
Calculate the remainder when 77616 is divided by 23.
14
Calculate the remainder when 46519 is divided by 270.
79
Calculate the remainder when 12789 is divided by 903.
147
Calculate the remainder when 22014 is divided by 2444.
18
What is the remainder when 87 is divided by 33?
21
Calculate the remainder when 7235 is divided by 717.
65
Calculate the remainder when 84324 is divided by 8432.
4
What is the remainder when 46942 is divided by 353?
346
What is the remainder when 633552 is divided by 135?
132
Calculate the remainder when 2463834 is divided by 348.
342
What is the remainder when 219566 is divided by 911?
15
Calculate the remainder when 757 is divided by 463.
294
Calculate the remainder when 17605 is divided by 1173.
10
What is the remainder when 8832 is divided by 355?
312
What is the remainder when 779 is divided by 82?
41
Calculate the remainder when 1659454 is divided by 603.
601
What is the remainder when 108105 is divided by 12006?
51
Calculate the remainder when 20569733 is divided by 2434.
2433
Calculate the remainder when 61473 is divided by 218.
215
Calculate the remainder when 57361 is divided by 10.
1
What is the remainder when 67551 is divided by 243?
240
What is the remainder when 25371 is divided by 133?
101
Calculate the remainder when 33896 is divided by 8469.
20
What is the remainder when 52826 is divided by 562?
560
What is the remainder when 22375 is divided by 5062?
2127
Calculate the remainder when 4193 is divided by 249.
209
What is the remainder when 45312 is divided by 45309?
3
What is the remainder when 17347 is divided by 36?
31
Calculate the remainder when 2811 is divided by 905.
96
What is the remainder when 50085 is divided by 1726?
31
Calculate the remainder when 146149 is divided by 48705.
34
Calculate the remainder when 2418 is divided by 351.
312
What is the remainder when 58464 is divided by 8351?
7
What is the remainder when 80136 is divided by 35?
21
What is the remainder when 4707 is divided by 772?
75
Calculate the remainder when 745910 is divided by 9.
8
Calculate the remainder when 169657 is divided by 377.
7
Calculate the remainder when 89837 is divided by 434.
433
Calculate the remainder when 29058 is divided by 44.
18
What is the remainder when 1967327 is divided by 736?
735
What is the remainder when 8026 is divided by 497?
74
Calculate the remainder when 190745 is divided by 30.
5
Calculate the remainder when 13108 is divided by 569.
21
Calculate the remainder when 45022 is divided by 61.
4
What is the remainder when 17880 is divided by 4461?
36
Calculate the remainder when 366847 is divided by 122266.
49
What is the remainder when 165983 is divided by 112?
111
Calculate the remainder when 2029 is divided by 12.
1
What is the remainder when 10709 is divided by 14?
13
Calculate the remainder when 17514 is divided by 398.
2
Calculate the remainder when 105 is divided by 77.
28
What is the remainder when 19543 is divided by 6501?
40
Calculate the remainder when 20564 is divided by 536.
196
Calculate the remainder when 4800 is divided by 599.
8
What is the remainder when 16295 is divided by 327?
272
What is the remainder when 1191073 is divided by 382?
379
What is the remainder when 6368 is divided by 159?
8
Calculate the remainder when 12934 is divided by 4140.
514
Calculate the remainder when 6448 is divided by 95.
83
Calculate the remainder when 19733 is divided by 564.
557
What is the remainder when 122640 is divided by 30658?
8
What is the remainder when 9843 is divided by 562?
289
What is the remainder when 1767 is divided by 246?
45
What is the remainder when 290 is divided by 163?
127
What is the remainder when 4758 is divided by 199?
181
What is the remainder when 3592 is divided by 299?
4
What is the remainder when 17820 is divided by 482?
468
What is the remainder when 10323 is divided by 36?
27
What is the remainder when 3428 is divided by 24?
20
What is the remainder when 15131 is divided by 291?
290
Calculate the remainder when 10886 is divided by 66.
62
What is the remainder when 290608 is divided by 72?
16
Calculate the remainder when 23354 is divided by 365.
359
Calculate the remainder when 865 is divided by 9.
1
Calculate the remainder when 493 is divided by 34.
17
Calculate the remainder when 21095 is divided by 459.
440
What is the remainder when 348 is divided by 70?
68
Calculate the remainder when 6598 is divided by 262.
48
What is the remainder when 6071 is divided by 109?
76
Calculate the remainder when 2529 is divided by 2444.
85
Calculate the remainder when 6163 is divided by 2047.
22
Calculate the remainder when 73629 is divided by 70.
59
Calculate the remainder when 159586 is divided by 279.
277
What is the remainder when 59732 is divided by 12?
8
What is the remainder when 131442 is divided by 171?
114
What is the remainder when 79 is divided by 63?
16
What is the remainder when 159000 is divided by 52997?
9
Calculate the remainder when 11226 is divided by 764.
530
What is the remainder when 747873 is divided by 42?
21
What is the remainder when 705047 is divided by 59?
56
What is the remainder when 2223 is divided by 768?
687
Calculate the remainder when 128477 is divided by 42796.
89
Calculate the remainder when 29451 is divided by 215.
211
Calculate the remainder when 36930 is divided by 12306.
12
What is the remainder when 55380 is divided by 362?
356
What is the remainder when 10560 is divided by 288?
192
What is the remainder when 45372 is divided by 22681?
10
What is the remainder when 392 is divided by 375?
17
What is the remainder when 10574 is divided by 1099?
683
What is the remainder when 44115 is divided by 832?
19
What is the remainder when 145059 is divided by 948?
15
Calculate the remainder when 18995 is divided by 486.
41
What is the remainder when 1042729 is divided by 86893?
13
Calculate the remainder when 2512 is divided by 16.
0
Calculate the remainder when 37673 is divided by 47.
26
What is the remainder when 4561 is divided by 61?
47
What is the remainder when 11625 is divided by 68?
65
Calculate the remainder when 785984 is divided by 3891.
2
What is the remainder when 10587 is divided by 10578?
9
What is the remainder when 62818 is divided by 1028?
110
Calculate the remainder when 1321 is divided by 55.
1
Calculate the remainder when 1374461 is divided by 28.
25
Calculate the remainder when 158954 is divided by 98.
96
What is the remainder when 470932 is divided by 646?
644
Calculate the remainder when 97 is divided by 33.
31
Calculate the remainder when 4239 is divided by 261.
63
Calculate the remainder when 40252 is divided by 347.
0
What is the remainder when 66379 is divided by 327?
325
Calculate the remainder when 3446 is divided by 1099.
149
Calculate the remainder when 1955 is divided by 49.
44
Calculate the remainder when 7483 is divided by 473.
388
What is the remainder when 7895 is divided by 3945?
5
What is the remainder when 1032205 is divided by 93?
91
Calculate the remainder when 7413